f b?
1
Suppose 3*a + 9 = -p - 1, 5*p + a + 22 = 0. What is the units digit of -1*p/(-4) + 31?
0
Let f be (1 + -4)*2/(-3). Suppose -t = f*t - 3. Let v = 4 + t. What is the units digit of v?
5
Let k = -97 + 139. What is the units digit of k?
2
Let b = 122 - 13. Suppose 5*s = 2*m + m - b, 152 = 4*m - 5*s. What is the units digit of m?
3
Let d = 120 - 50. What is the units digit of d?
0
Let o(k) = -k**3 + 6*k**2 - 4*k + 3. What is the units digit of o(4)?
9
Suppose 32 = -p - 13. Let v = p + 14. Let r = v - -46. What is the units digit of r?
5
Suppose -2*r = -r - 20. Let o(q) = -2*q**2 - 5*q + 1. Let k be o(-4). Let t = k + r. What is the units digit of t?
9
Let n = 43 - 24. What is the tens digit of n?
1
Let v be -1 - (4/(-2))/(-1). Let k = v - -2. Let q = 5 - k. What is the units digit of q?
6
Let c(g) = -g**2 + 21*g - 23. What is the units digit of c(17)?
5
Suppose 0 = m - 4*m + 192. What is the tens digit of m?
6
Let z(g) = g**3 + 8*g**2 + 10*g + 6. Let s be z(-6). Let t = -25 + 16. What is the tens digit of (-92)/t + (-4)/s?
1
Let r be 0 + 2 + 0/1. Suppose -r*d = 6 - 40. What is the tens digit of d?
1
Let b(u) = u**2 - 7*u - 13. Let p be b(10). Suppose 5*t - 92 = -p. What is the tens digit of t?
1
Let x(i) = 2*i - 2. What is the units digit of x(8)?
4
Let r(y) = -9*y - 2. Let s be r(-4). Suppose -5*q - 5*f + 200 = 0, -q + 86 = -5*f + s. What is the units digit of q?
2
Let h = -5 - -3. Let g be 69/21 - (-8)/(-28). Let t = h + g. What is the units digit of t?
1
Suppose 0 = i - 2 - 2. Let r(m) = -m**2 - 9*m - 9. Let w be r(-7). Suppose i*x - 11 = w. What is the units digit of x?
4
Let w(q) = q**2 - 12*q - 14. Let m be w(11). Let y = 53 + m. What is the units digit of y?
8
Let i(n) = -18*n + 2. Let g(w) = 18*w - 2. Let l(z) = 6*g(z) + 7*i(z). Let x be l(2). Let j = x - -49. What is the units digit of j?
5
Let n(d) = -d**2 + 3. Let y be n(0). Let l(z) = z**2 - 3*z + 1. What is the units digit of l(y)?
1
Let u(x) = -x - 3. Let p be u(-5). Suppose -h + p*g = -4*h + 18, 12 = -4*g. Suppose r = -c + 7, -5*r = -2*c + 20 + h. What is the units digit of c?
9
Let g be (-2)/(8/12)*8. Suppose -3*u + 2*s - 42 = 5*s, 4 = -u + 4*s. Let f = u - g. What is the units digit of f?
2
Suppose -18 = t + 5*y, -t - t - 5*y = 16. Suppose -72 = -5*q + t*q. Let j = q + -14. What is the tens digit of j?
1
Let r be (-8)/(-24) - (-76)/(-3). What is the units digit of r*4*3/(-30)?
0
Let v = 5 - 6. Let x = v + 3. Suppose x*t = -2*n + 22, -4*t - 12 = -4*n + 8. What is the units digit of n?
8
Suppose a + 2*a - 6 = 0. Suppose -5 = -3*h - a. What is the units digit of (-1 - 6)/(h + -2)?
7
Suppose -112 = -t + 5*r, -4*t = -r - r - 448. What is the tens digit of t?
1
What is the tens digit of 4/34 - 8020/(-34)?
3
Let x = -71 - -133. What is the units digit of x?
2
Suppose 256 = 4*s + u, 0*s = 2*s - 5*u - 106. What is the units digit of s?
3
Let z(p) = 2*p**2 - p. What is the tens digit of z(-2)?
1
Let m = 52 - 12. Suppose -r - m = -5*g - 3*r, 45 = 5*g + 3*r. Suppose 30 = -n + g*n. What is the units digit of n?
6
Let p = -4 - -24. What is the units digit of p?
0
Let g be 0/((-3 + -1)/(-4)). Suppose -j = 5*x - 0*x - 211, g = 4*x - 4*j - 188. What is the units digit of x?
3
Let f = -7 - -9. Suppose f*p = 3 + 1. Suppose 13 = p*h - 9. What is the units digit of h?
1
What is the hundreds digit of ((-1360)/(-5) + 2)/(-1 - -3)?
1
Let j(h) = -h + 32. What is the units digit of j(0)?
2
Suppose -3*z - 4*d + 77 = d, -z = -4*d - 20. What is the units digit of z?
4
Let n(s) = s**3 + 18*s**2 + 10*s + 40. What is the tens digit of n(-17)?
5
Suppose 0 = -3*o + 5*o. Suppose -3*j + 3*y + 48 = o, y - 33 - 3 = -3*j. What is the units digit of j?
3
Let k(y) = -4*y**3 + 7*y**2 + 8*y - 4. What is the units digit of k(-2)?
0
Let a(r) = -r**3 - 2*r**2 + r - 2. Let w be a(-4). Let u = 17 + w. What is the tens digit of u/2 + (-4)/8?
2
Suppose c = 3*c - 3*l + 19, -5*c - 35 = -5*l. What is the units digit of 12*(0 + (-1 - c))?
2
Let j(r) = 3*r**2 + r - 2. What is the tens digit of j(3)?
2
Let a = -1 - 6. Let j = 6 - a. What is the tens digit of j?
1
Let i = 33 + -22. What is the tens digit of (i/(-4))/((-4)/16)?
1
Suppose -6*t + 360 = -3*t. What is the units digit of t?
0
Let c be (-6)/2*66/(-9). Suppose 3*g - c = -5*j, 4*j - 44 = -4*g + j. What is the tens digit of g?
1
Let x = 56 + -26. What is the units digit of x?
0
Let o(j) = 5 - 7*j - 7*j + 20*j. What is the units digit of o(5)?
5
Let g be 2/8 + 2/(-8). Let z be -5 + 3 + g + -2. Let q = z - -10. What is the units digit of q?
6
Let t = -17 + 51. What is the tens digit of t?
3
Let a be 184/(-14) - 4/(-28). Let d(v) = -3*v**3 - v**2 - v - 2. Let h be d(-2). Let b = h + a. What is the units digit of b?
7
Let o be (-1 - -19)/(6/(-72)). What is the units digit of (-1)/5 + o/(-5)?
3
Let m = -214 + 315. What is the units digit of m?
1
Let d be 0 - 1*(-6 - -1). Let t(o) = -o**3 + o**2 - o. Let z(f) = 7*f**3 - 11*f**2 + 6*f - 1. Let g(b) = -6*t(b) - z(b). What is the units digit of g(d)?
1
Let t(n) = n**2 - 2*n - 3. Let p be t(4). What is the units digit of 4 + 0 + (-15)/p?
1
Suppose -19 = 2*f - 1. Let c = f - -21. Suppose 2*v = -0*v + c. What is the units digit of v?
6
Suppose 6*o = 2*o + 20. Suppose 4*p - 4 = 4*z, 5*z = 5*p - 8*p - o. What is the tens digit of -15*1/(p - 1)?
1
Suppose -9 = 4*z - z. What is the units digit of 1/(-6)*z*8?
4
Let h(j) = j**2 - 2*j + 77. What is the tens digit of h(0)?
7
Let b = -1 + -6. Let j(n) = 0*n**2 - 9*n + 16 - 20 - n**2. What is the tens digit of j(b)?
1
Let c(m) = m**2 + m + 1. Let y(f) = -f - 7. Let v be y(-5). Let k be c(v). Suppose -5*n + 38 = -k*x - 5, 3*n - 26 = 2*x. What is the units digit of n?
8
Let u(y) = y**2 + 5*y + 4. Let n be u(-3). What is the units digit of (14/4)/((-1)/n)?
7
Suppose 0*t = -z - 2*t + 17, 4*t = -3*z + 45. Suppose x - z = -4. Suppose 0*a - a = -x. What is the units digit of a?
7
Let s(u) = -u**2 + 9*u. Let c be s(10). Let a = -6 - -21. What is the units digit of 26/3 + c/a?
8
Suppose 228 = 4*d + 2*s, -d + 47 = -0*d - 2*s. Suppose 85 = 4*p - d. What is the units digit of p?
5
Suppose -481 = 2*r - 5*r + 2*m, -2*r + 3*m + 324 = 0. What is the hundreds digit of r?
1
Suppose 3*m - 5*k - 237 = -3*k, 0 = 5*k. What is the tens digit of m?
7
Suppose 24 = x + 3*x - 2*l, 0 = -3*x + l + 18. Suppose 4 = i - x. Suppose 2*o = -3*o + i. What is the units digit of o?
2
Let y be (1 + 0)/(3/36). Suppose 3*b = -3*v + 33, 2*v + 3 = -b + 15. What is the units digit of 15/6*y/b?
3
Suppose 9*u + 4 = 5*u. Let s(o) = -48*o - 2. What is the tens digit of s(u)?
4
Let o(p) = p - 3. Let r(x) = x**2 + 8*x + 10. Let c be r(-7). Suppose -2*w - 16 = -c*t, -2*t - 4*w + 14 = -2*w. What is the units digit of o(t)?
3
Suppose -2*g + 86 = -2*w, 4*w + 105 = 5*g - 106. What is the units digit of g?
9
Suppose 3*u - 8*u + 750 = 0. What is the units digit of u?
0
Suppose 4*s - 3*j - 23 = 10, 4*s - 40 = -4*j. Suppose -4 = -v + s. What is the units digit of v?
3
Suppose -13 - 19 = -4*u. Suppose 4*z + 90 + u = 5*x, -20 = -x + z. What is the tens digit of x?
1
Let a = 20 - 40. Let u = a + 33. What is the tens digit of u?
1
Let r = 62 + -42. Suppose -2*k = 4 - 2, 3*w - 4*k = 34. Let f = r - w. What is the tens digit of f?
1
Suppose -h = 3*h - 100. What is the tens digit of h?
2
Let i = -246 + 389. What is the units digit of i?
3
Suppose 0 = -4*b + b - 15. Let h = b + 8. Let k(u) = 3*u - 4. What is the units digit of k(h)?
5
Suppose -11*l = -7*l - 96. What is the units digit of l?
4
Suppose -2*r + 3*l - 213 = -6*r, -189 = -4*r + 5*l. What is the tens digit of r?
5
Let u = -73 - -151. What is the units digit of u?
8
Let n be ((-18)/(-7))/((-18)/(-84)). What is the units digit of (-2)/n + 237/18?
3
Let t = -3 + 2. Let a = 4 - t. Suppose 3*l - a = 3*m + 4, 12 = 4*l + 3*m. What is the units digit of l?
3
Suppose 5*o = -5, 118 = 4*y + 4*o + 418. What is the units digit of 4/6 + y/(-6)?
3
Let a(u) = u**3 + 6*u**2 + 4. Let p be a(-6). Let q(r) = r + 7. What is the tens digit of q(p)?
1
Let s(y) = y**3 + 8*y**2 - 3*y - 7. What is the units digit of s(-7)?
3
Let a be (-145)/20 + 1/4. What is the units digit of ((-6)/a)/(1/7)?
6
Let c = 85 + -41. What is the tens digit of c?
4
Let t(u) = -u + 2. Suppose -b - 5 = 2*q, 2*q = -0*q + b - 7. What is the units d